 3. Suppose -2*s + s + v = m. What is the tens digit of s?
1
Let l be (-50)/(-8) - (-7)/(-28). Suppose -l - 2 = -n - x, 3*n - 24 = -x. Suppose 0*z - 2*z = -n. What is the units digit of z?
4
Let w be -1 - (-1 + 2) - -2. Suppose w*p - 14 = -u + 4*p, 0 = 2*u + 5*p + 11. Suppose 147 = u*n + 51. What is the units digit of n?
8
Let x(a) = -3*a**2 + a + 70. Let m be x(0). Suppose -3*p + 319 = m. What is the tens digit of p?
8
What is the hundreds digit of (4 - 5)/1*-1561?
5
Let o be 1*-77 + 5/(-5). Let p = o + 135. What is the units digit of p?
7
What is the tens digit of 22960/126 - 2/9?
8
Let u = -733 - -1171. What is the tens digit of u?
3
Suppose 0 = -124*j + 121*j + 8172. What is the units digit of j?
4
Suppose -3*b = -2*b - 46. Suppose 2*y = -5*d + 16, 0*y - 4*y + 2*d = -8. Suppose -b = y*a - 127. What is the tens digit of a?
2
Suppose y - 2*o - 3668 = 0, 10*o - 3*o - 3623 = -y. What is the thousands digit of y?
3
Let j(s) = 58*s**2 - s. Let b(v) = -v**3 + 7*v**2 + 1. Let q be b(7). What is the tens digit of j(q)?
5
Suppose -2*i + 6 = -4. Let v be (10/(-4))/i*0. Suppose -78 = -3*d - v*d. What is the units digit of d?
6
What is the units digit of 13/((-65)/2)*-630?
2
Let a be (27/(-6))/((-9)/24). Suppose 2 = 5*m + a. What is the units digit of -1 + 7 + (-6)/m?
9
What is the thousands digit of (4482/5)/((-333)/90 - -4)?
2
Suppose 2*b - 6*r = -5*r + 367, 4*b - 5*r - 749 = 0. What is the tens digit of b?
8
Suppose -9*u + 15*u = 0. Suppose u = 2*s + 5*v - 188, 2*s - 97 - 87 = -3*v. What is the units digit of s?
9
Suppose -31*t = -17*t - 518. What is the units digit of t?
7
Let b(l) = 127*l + 3. What is the units digit of b(3)?
4
Let m(s) = -5*s - 7. Let k(v) = -9*v - 13. Let i(t) = 4*k(t) - 7*m(t). What is the units digit of i(-4)?
1
Suppose 3*y + 4*p = -8 - 9, -5*p - 26 = -y. Suppose a + 1 = 3*r, -3*r + 3*a - 4*a - y = 0. Suppose r*x = 5*x - 160. What is the units digit of x?
2
Let s = -12 + 17. Suppose k = s*c - 53 - 65, 76 = 3*c + 2*k. Suppose 5*d - 27 - 7 = -3*z, -3*d - 3*z = -c. What is the units digit of d?
5
Suppose -4*s = 3*a - 3, 0 = 2*s - 4*a + 1 + 3. Suppose s = w - 4 - 52. What is the units digit of w?
6
Let z(u) = 2*u**3 + 5*u**2. Let n(p) = -2*p + 4*p**2 + 1 + p - 2 + 3*p**3. Let j(y) = -3*n(y) + 4*z(y). What is the tens digit of j(8)?
2
Suppose -3*t = 11*x - 13*x + 5171, 2*t = 2*x - 5174. What is the units digit of x?
0
Suppose 19 = 2*q + z, -16 = -3*q - z - 3*z. Let c be ((-284)/q)/(5/(-15)). Let l = -18 + c. What is the tens digit of l?
5
Suppose 0*b - 484 = -4*b + 4*v, 2*v = 5*b - 608. Suppose 0 = g - 17 + b. What is the tens digit of (-45)/g + 498/14?
3
Suppose 24*b + 36480 = 64*b. What is the units digit of b?
2
Suppose -u - 2*r + 25 = -0*u, -4*u + 4*r = -64. Let b = 0 + u. What is the tens digit of b?
1
Suppose 2*d - 2 = w, d = -2*d. What is the tens digit of 94*(w + 2 + 1)?
9
Let z(g) = g**3 + 9*g**2 - 11*g - 8. Let t be z(-10). What is the tens digit of 5 - 7/t - 233/(-2)?
1
Let b = 128 - 49. Let k(x) = 2*x**2 - 16*x - 7. Let t be k(13). Let a = t - b. What is the tens digit of a?
4
Suppose -4*c + 5*l = 9, -2*c + 3*c - 5*l = 9. Let o = -1 - 1. Let t = o - c. What is the units digit of t?
4
Let i(j) = -j + 2. Let u be i(-3). Suppose -2*q = -u*q + 12. Suppose -2*v - 2*v - q*p + 40 = 0, p - 43 = -4*v. What is the units digit of v?
1
Let z(g) = g**2 + 3*g - 6. Let j be z(-5). Suppose j*n = -249 - 275. Let q = -94 - n. What is the units digit of q?
7
What is the tens digit of 35/(-14)*-2 - -1074?
7
Suppose 2*j - 997 = -0*j - v, -5*v + 1997 = 4*j. What is the hundreds digit of j?
4
Suppose -3*y = 4*z - 14, 0 = -4*y + 2*z + 26. Let d = y - 3. Suppose -105 = -d*f + 3*t, -f - 2*t + 146 = 3*f. What is the units digit of f?
6
Let v be 18/6*(1 - 0). Suppose -v*n - 3*b + 93 = 0, 6*n + 4*b - 150 = n. Let r = 9 + n. What is the tens digit of r?
3
Let y(x) = 1. Let r(m) = -3*m + 12. Let n(v) = r(v) + 5*y(v). Suppose -2*h + 5 = -h. What is the units digit of n(h)?
2
Let b = 26 - -38. Suppose 0 = -2*u + 22 + b. What is the tens digit of u?
4
Suppose -k + 0*k = 3*x + 2, 0 = -x - 3*k - 6. Suppose x*w = 3*w - 18. What is the units digit of w?
6
Let l be 1/(-2 + (-21)/(-9)). Suppose -g - 15 = -4*g, -l*x = -g - 340. What is the tens digit of x?
1
Let p = 1899 + -902. What is the tens digit of p?
9
Let d(c) = 8*c - 11. Let y be d(1). Let m(p) = 18*p**2 - 7*p - 1. What is the tens digit of m(y)?
8
What is the thousands digit of 0/3 + (-11004)/(-4)?
2
Let l = 35 + -95. What is the tens digit of 24/l + (-574)/(-10)?
5
Let k = 9714 - 6751. What is the units digit of k?
3
Suppose -4*a = -3*a - 2. Let z = 150 - 74. Suppose -6*f + a*f = -z. What is the units digit of f?
9
Suppose 0 = -3*j + 6 - 3. Let r be 1 + j*-4 - -1. What is the tens digit of (7 + r)*36/15?
1
Let j(r) = r**2 - r - 34. Let y be j(7). Suppose -47 = y*z - 279. What is the units digit of z?
9
Let n(t) = -4*t - 10. Suppose -13*w - 97 = 7. What is the tens digit of n(w)?
2
Let z(m) = -4*m**3 - 4*m**2 - 2*m - 1. Let r be z(-1). What is the tens digit of (-48)/16 - ((-94)/1 + r)?
9
What is the tens digit of -20*((-2)/(-14))/(20/(-70))?
1
Let u(d) = -4*d - 4. Let l be u(-2). Suppose -l*x - 8 - 400 = -4*n, n = 3*x + 100. What is the units digit of n?
3
Suppose -11*u + 46315 = 48*u. What is the hundreds digit of u?
7
Let k be 88/(-10)*(10 + 0). Let s = -57 - k. Suppose -s = -4*t + 49. What is the tens digit of t?
2
Let j(o) = o**3 + 2*o**2 - 3*o - 1. Let d be j(-3). Let p be d + 86 + 1 + 4. Suppose -4*v = -5*g - p, -5*g = 5*v - 3*v - 30. What is the tens digit of v?
2
Let i(h) = h**2 - 4*h - 4. What is the units digit of i(12)?
2
Let m = 34 + -36. What is the tens digit of (-3)/(173/(-85) - m)?
8
Let i(r) = -2*r - 12. Let q be i(-4). Let j(n) = n**3 + 4*n**2 - 5*n - 7. What is the tens digit of j(q)?
1
Suppose 5*n - 110 = 5*s, -16 - 8 = -n + 2*s. Let g(i) = i**2 - 19*i + 7. What is the units digit of g(n)?
7
Suppose -d = -3*x + 23, -2*d - 3*x - 31 = -4*x. Let v be 1/(-4) + 182/(-8). Let p = d - v. What is the units digit of p?
9
Let p be (9 - 7)*83/2. Let n = -28 + p. What is the units digit of n?
5
Suppose -3*g = 10*g - 2535. Let a = g + 6. What is the tens digit of a?
0
Let q = 9 + -4. Suppose -14 = -5*b + c, 0 = -q*b - 4*c - 6. What is the units digit of b - (1 + (3 - 12))?
0
Let g(o) = o**3 + 21*o**2 + 13*o + 28. What is the hundreds digit of g(-20)?
1
Let w(r) be the first derivative of 2*r**2 - 10*r - 2. Let z = 16 - 10. What is the units digit of w(z)?
4
Let g(a) = 13*a + 5. Let y be g(-2). Let j = 35 - y. What is the tens digit of j?
5
Let l(c) = c**3 + 4*c**2 + c - 7. Let j be l(-5). Let w be -3 + (-335)/(-20)*4. Let a = j + w. What is the units digit of a?
7
What is the units digit of (-2 - (-2)/6*5)*-477?
9
Let z be 40 + (6 - (-3)/(-1)). Let t = z - 26. What is the units digit of t?
7
Let k(b) = -b**3 + 5*b**2 + 2*b - 7. Let v be k(5). Suppose -332 = -4*f - 2*o, v*f - o = -2*f + 408. What is the tens digit of f?
8
What is the hundreds digit of 21 + 87 - 4/6*-3?
1
Suppose 5*g = 4*r + 986, -6*g + 3*g - 4*r = -566. Let j = -54 + g. What is the units digit of j?
0
Let c(x) = 2*x**3 - 2*x**2 - 6*x - 1. Let l be c(3). Let u = 22 - l. What is the units digit of -1 + u + 0 + 65?
9
Let i(n) be the first derivative of -n**3/3 - 41*n**2/2 - 23*n - 54. What is the tens digit of i(-12)?
2
Let i = 358 + -73. What is the hundreds digit of i?
2
Let d(l) = l**2 - 5*l - 9. Let c be d(7). Suppose c*j = -t + 26, 4*t + t + 5*j = 130. Suppose 3*p - 16 = t. What is the tens digit of p?
1
Let m = 4 + -8. Let b(n) be the first derivative of n**3 + 5*n**2/2 + n - 59. What is the units digit of b(m)?
9
Let u be 102/4*(-4)/(-3). Suppose 0*h = -h + u. What is the units digit of (3 + h/6)*6?
2
What is the tens digit of -15*((-8)/28 - 956/35)?
1
Let b = -70 + 273. What is the tens digit of b?
0
Suppose 0 = 4*q - 4, -a - 8*q + 431 = -7*q. What is the hundreds digit of a?
4
Suppose -13*y - 2897 = -10177. What is the tens digit of y?
6
Let f = 4710 - 1677. What is the thousands digit of f?
3
Suppose y = 5*j - 2915, -4*j + y = -2*y - 2321. Suppose x - j = -7*x. What is the tens digit of x?
7
Let f(o) = 155*o + 12. Let x be f(4). Let w = -450 + x. What is the hundreds digit of w?
1
Let y(a) = -20*a**3 + 6*a**2 - a +